.
-126146
205 (base 14) to base 8
615
-30213 (base 7) to base 15
-2276
-106040 (base 7) to base 2
-100100111001101
What is -47f (base 16) in base 15?
-51b
What is -3112103 (base 4) in base 11?
-a339
10110211120 (base 3) to base 14
1ad02
13121 (base 4) to base 14
25b
What is -104203 (base 5) in base 14?
-14aa
Convert -11620 (base 8) to base 3.
-20212111
Convert -59643 (base 10) to base 3.
-10000211000
110011 (base 4) to base 10
1285
What is -1ba36 (base 12) in base 9?
-62486
What is 1563 (base 7) in base 12?
449
996 (base 12) to base 3
1221020
What is -10022101 (base 3) in base 4?
-211231
10c5 (base 15) to base 9
4785
Convert -201020 (base 3) to base 4.
-20013
-101122021 (base 3) to base 7
-31420
aa3a (base 11) to base 8
34343
What is 114 (base 11) in base 12?
b4
Convert -458 (base 10) to base 15.
-208
-21105 (base 7) to base 4
-1101033
552 (base 7) to base 6
1150
-21 (base 12) to base 4
-121
What is 130611 (base 7) in base 9?
36313
-1a3d (base 16) to base 10
-6717
4122011 (base 5) to base 12
32a23
Convert 2330101 (base 4) to base 10.
12049
2680 (base 9) to base 2
11111100000
Convert 1142 (base 8) to base 11.
505
What is -2212212 (base 3) in base 5?
-31402
What is 654 (base 12) in base 9?
1241
Convert -6134 (base 7) to base 14.
-ac4
Convert -101210100 (base 3) to base 13.
-3771
-11300 (base 4) to base 15
-198
-124103 (base 5) to base 8
-11447
What is -102120 (base 3) in base 8?
-470
Convert 1795 (base 11) to base 2.
100011101010
1221200221 (base 3) to base 15
b5b4
Convert -1d8d (base 14) to base 10.
-5417
What is 53927 (base 11) in base 9?
128377
Convert 28c7 (base 15) to base 12.
5081
Convert 75d (base 16) to base 4.
131131
Convert -534 (base 9) to base 13.
-277
351 (base 14) to base 4
22103
What is -3132232 (base 4) in base 15?
-4354
Convert 132 (base 13) to base 5.
1320
-3533 (base 7) to base 9
-1702
What is 143443 (base 5) in base 6?
44203
135130 (base 6) to base 2
11000111111110
Convert 4747 (base 12) to base 16.
1f27
What is -545402 (base 6) in base 5?
-2422130
-10001111000110001 (base 2) to base 14
-1c9b3
What is 1853 (base 11) in base 12?
1445
Convert 13020 (base 4) to base 8.
710
What is -347 (base 13) in base 12?
-3b2
8c (base 16) to base 15
95
Convert -3477 (base 8) to base 4.
-130333
Convert 625 (base 7) to base 5.
2223
Convert -30577 (base 8) to base 16.
-317f
What is -129c9 (base 13) in base 15?
-a3e6
What is 10112021010 (base 3) in base 16?
10f47
Convert 47553 (base 8) to base 14.
75a3
-1402 (base 6) to base 16
-16a
Convert 2160 (base 11) to base 8.
5441
What is -201443 (base 5) in base 16?
-1962
-2191 (base 10) to base 8
-4217
What is -3312 (base 4) in base 9?
-303
100322 (base 5) to base 8
6214
Convert -18027 (base 9) to base 7.
-51130
Convert 10000010 (base 2) to base 16.
82
17a8 (base 15) to base 16
13f4
8 (base 14) to base 15
8
Convert 3501 (base 7) to base 6.
5523
-2b87 (base 14) to base 3
-101122112
Convert -221 (base 15) to base 4.
-13201
What is -37356 (base 8) in base 11?
-11116
What is 235a0 (base 12) in base 5?
3004441
-8c3 (base 13) to base 14
-79d
Convert -608 (base 10) to base 3.
-211112
Convert -2464 (base 14) to base 9.
-8646
What is -9 (base 15) in base 16?
-9
Convert 648 (base 14) to base 5.
14430
Convert 111110110 (base 2) to base 16.
1f6
Convert 34231 (base 8) to base 15.
445e
What is -6771 (base 11) in base 4?
-2023033
-fd (base 16) to base 4
-3331
What is -156 (base 8) in base 10?
-110
What is 3063 (base 7) in base 11?
897
1a8 (base 16) to base 7
1144
220200 (base 4) to base 5
40332
What is -13a16 (base 14) in base 11?
-33598
-d774 (base 15) to base 13
-17977
What is -1167 (base 9) in base 12?
-607
What is -516 (base 16) in base 4?
-110112
What is -55c (base 14) in base 12?
-746
10151 (base 6) to base 8
2523
20340 (base 5) to base 9
1754
Convert -110000000100101 (base 2) to base 6.
-305541
Convert 19c4 (base 15) to base 12.
3294
What is 761 (base 11) in base 9?
1225
100011111110 (base 2) to base 10
2302
What is 110110000010011 (base 2) in base 4?
12300103
Convert -94 (base 10) to base 12.
-7a
What is -4366 (base 9) in base 7?
-12246
Convert 1bb5 (base 14) to base 11.
388a
-ab0 (base 12) to base 16
-624
-b11 (base 16) to base 9
-3787
What is 1211 (base 4) in base 10?
101
Convert 31352 (base 6) to base 3.
12211012
Convert 350 (base 6) to base 11.
116
25873 (base 11) to base 9
55654
-29033 (base 10) to base 15
-8908
Convert 1bd (base 16) to base 9.
544
Convert 147b (base 13) to base 10.
2975
Convert 5081 (base 15) to base 13.
7975
Convert -104233 (base 5) to base 3.
-12001210
What is 25d (base 16) in base 4?
21131
Convert -157 (base 16) to base 2.
-101010111
2949 (base 13) to base 4
1131120
Convert 7b6 (base 15) to base 6.
12030
What is -9 (base 15) in base 4?
-21
What is 3060 (base 7) in base 14?
567
What is -113201 (base 4) in base 3?
-2001202
224b3 (base 12) to base 14
128bd
Convert ade (base 15) to base 4.
212123
Convert -161e (base 16) to base 9.
-7681
Convert 2ce (base 15) to base 13.
3a7
-141a (base 12) to base 9
-3164
What is 1100000111 (base 2) in base 10?
775
What is 20100122 (base 3) in base 15?
158e
21332223 (base 4) to base 2
1001111110101011
Convert 13124 (base 6) to base 3.
2201221
-290 (base 14) to base 3
-201012
Convert 22426 (base 9) to base 11.
10241
What is 10 (base 2) in base 9?
2
-36a (base 11) to base 8
-667
-31a (base 14) to base 9
-750
12010220 (base 3) to base 4
322212
Convert 45307 (base 10) to base 11.
31049
What is 1153 (base 13) in base 5?
34214
3890 (base 11) to base 12
2b18
Convert 110110 (base 2) to base 14.
3c
Convert 10bed (base 15) to base 3.
2201010221
What is -231021 (base 5) in base 15?
-26ab
1ac (base 16) to base 11
35a
34075 (base 8) to base 10
14397
Convert 111001110010 (base 2) to base 6.
25042
a250 (base 11) to base 10
13607
22543 (base 7) to base 15
1a94
Convert -2044 (base 13) to base 12.
-26aa
-2122 (base 6) to base 9
-585
907 (base 14) to base 3
2102121
What is 41013 (base 7) in base 4?
2123211
Convert -19a (base 16) to base 15.
-1c5
What is -3254 (base 11) in base 15?
-1414
2211012 (base 3) to base 9
2735
What is 11110211 (base 3) in base 6?
23034
What is -265 (base 13) in base 16?
-1a5
-183 (base 16) to base 4
-12003
-2277 (base 8) to base 13
-726
-10221100 (base 3) to base 2
-101100110111
Convert 5546 (base 9) to base 10.
4092
21be (base 15) to base 9
10728
What is a016 (base 12) in base 9?
25650
What is 88 (base 15) in base 6?
332
Convert 10212021 (base 3) to base 13.
1387
Convert 149d (base 16) to base 7.
21246
5198 (base 11) to base 4
1223203
Convert 10100010101 (base 2) to base 16.
515
1c67 (base 15) to base 12
36a4
Convert 14234 (base 5) to base 9.
1566
-8375 (base 11) to base 3
-120012212
What is 101010000 (base 2) in base 15?
176
-131200 (base 9) to base 14
-21035
Convert -100010 (base 6) to base 12.
-4606
Convert -110010101000101 (base 2) to base 7.
-135404
What is -8671 (base 9) in base 3?
-22202101
-142a (base 13) to base 16
-b5d
Convert 10001223 (base 5) to base 12.
393a1
-12102102 (base 3) to base 8
-7561
68 (base 10) to base 9
75
-1a3 (base 11) to base 14
-12a
Convert -712 (base 13) to base 6.
-5314
-5614 (base 7) to base 8
-3744
What is -227 (base 14) in base 2?
-110101011
-101000001010001 (base 2) to base 15
-615b
22042 (base 7) to base 2
1010110001110
What is 40 (base 16) in base 15?
44
Convert -378b (base 14) to base 15.
-2d37
What is -41b (base 13) in base 8?
-1274
-33312 (base 4) to base 14
-526
What is -d1 (base 14) in base 3?
-20210
What is 11682 (base 9) in base 14?
2c0a
What is 545 (base 16) in base 2?
10101000101
-1244 (base 8) to base 15
-301
What is 113547 (base 9) in base 8?
205225
What is 935 (base 13) in base 2?
11000011101
What is -419 (base 15) in base 3?
-1021020
Convert 213220 (base 4) to base 16.
9e8
30102 (base 4) to base 7
2202
What is 143 (base 9) in base 2?
1111000
What is -30203 (base 4) in base 7?
-2225
22302 (base 5) to base 9
2142
What is 101110100 (base 2) in base 14?
1c8
-2221231 (base 5) to base 6
-500141
9a (base 13) to base 14
91
-344111 (base 5) to base 15
-3a21
-27026 (base 8) to base 10
-11798
What is 64b2 (base 14) in base 11?
12092
-6384 (base 9) to base 5
-122233
Convert -21105 (base 6) to base 5.
-42344
What is -5214 (base 7) in base 9?
-2446
What is 113411 (base 7) in base 3?
1001001002
1163 (base 10)